= j. Suppose 0 = j*h + 15, 4*h + 63 = w + 2*w. List the prime factors of w.
17
Suppose -4*d = -26 - 54. What are the prime factors of d?
2, 5
Suppose -4*c + 2*f + 20 = 0, 4*c - 3*f - 28 = f. What are the prime factors of c/(-7) - (-260)/35?
7
Let c = 21 - 10. Suppose 3*x - c = 13. What are the prime factors of x?
2
Let d(a) = 10*a - 1. Let h be (-3)/6*(-1 + -1). What are the prime factors of d(h)?
3
Suppose 0 = 2*x - 3 - 1. Suppose k - 3*c - 4 - 8 = 0, 4*c = -x*k + 34. Let l = 23 - k. What are the prime factors of l?
2
Let m be -1*(-2 - (-4 - 1)). Let u = m - -1. List the prime factors of (0 + 1)*u - -10.
2
Let u(g) be the third derivative of g**4/6 - 5*g**3/2 - 6*g**2. List the prime factors of u(10).
5
List the prime factors of (-3 + -40 + 1)/(-1).
2, 3, 7
Let i(n) = -n. Let x be i(-3). Let h be 2*x/(-6) - -34. Let r = h - 21. List the prime factors of r.
2, 3
Suppose -2*u - 5*i + 300 = -4*i, -u = -5*i - 161. What are the prime factors of u?
151
Suppose 4*c = 3*p + 5*c - 23, 4*c = -2*p + 32. Let a = -17 + 19. Suppose a*x = p + 4. List the prime factors of x.
5
Let i = -18 - -38. List the prime factors of i.
2, 5
Suppose 5*m = 138 + 417. What are the prime factors of m?
3, 37
Let v(f) = f**2 - 3*f + 3. List the prime factors of v(12).
3, 37
Let p be 10/35 + 2/(-7). Suppose -3*s - 9 = 0, 4*i + p*i + s - 13 = 0. What are the prime factors of i?
2
Let i = -123 - -220. Let y = -57 + i. List the prime factors of y.
2, 5
Let w(d) be the first derivative of -d**5/20 - 2*d**4/3 + 3*d**2 + 5*d - 3. Let z(v) be the first derivative of w(v). List the prime factors of z(-8).
2, 3
Let u be (0/2 + -2)*-1. Let f(v) = 19*v - 2. Let p be f(u). Suppose -s = 3*s - p. What are the prime factors of s?
3
Let c(s) = s**3 + s**2 - s + 2. Let j be c(0). Suppose -j*g - 3*g = 3*h - 22, -3*h + g = 8. List the prime factors of h/(1/(-32)*2).
2
Let y(w) = w + 12. Suppose -3 = -2*c + 5. Let p = -13 + c. What are the prime factors of y(p)?
3
Let t(d) = d**3 + 8*d**2 + d - 8. What are the prime factors of t(-4)?
2, 13
Suppose 76 = v + 2*i, 4*v - 3*i = i + 352. List the prime factors of 3204/v - (-2)/(-14).
2, 19
Let x(y) be the second derivative of y**5/20 + 7*y**4/12 - 3*y**3/2 + 7*y**2/2 - y. Let c be x(-8). List the prime factors of c/2*(-4)/(-3).
2, 5
Suppose -i - 324 = -2*v + 2*i, 4*i + 322 = 2*v. What are the prime factors of v?
3, 5, 11
Let t(q) = -18*q + 2. Let i be t(-1). Suppose 5*y - i = 0, -3*p + p + 4*y = -54. List the prime factors of p.
5, 7
Suppose 4*o - 3 = -7*n + 2*n, 3*n + 6 = -5*o. Suppose -v = -5*h - 9, -3*h = -v - n*v + 53. What are the prime factors of v?
2, 7
Suppose -3*x + 80 = -5*o, 2 = -4*o + 10. List the prime factors of x.
2, 3, 5
Let l(t) = -t**3 + 6*t**2 - 7*t + 5. Let z be ((-12)/(-10))/((-2)/(-30)). Suppose 15 = 2*i + 4*d + 3, -z = -4*i - 2*d. List the prime factors of l(i).
3
Let s(i) = i**3 + 1. Let o be s(-3). What are the prime factors of o/8*(-4 + -4)?
2, 13
Suppose 0 = -0*h - 2*h + 6, -h = 4*z - 55. Let s = z - 5. Suppose -20 = 3*a - s*a. List the prime factors of a.
2
Suppose -9 = 4*d + 7. Let q = d - -8. Let l(h) = -h**3 + 3*h**2 + 6*h - 5. What are the prime factors of l(q)?
3
Suppose 0 = 36*o - 32*o - 480. List the prime factors of o.
2, 3, 5
Let o = -582 - -1020. List the prime factors of o.
2, 3, 73
Let m(x) = 9*x**2 + x - 1. List the prime factors of m(1).
3
Suppose 35 - 108 = -x - 4*t, 3*x - 5*t - 134 = 0. Let g = -31 + x. What are the prime factors of g?
2, 11
Let c(u) = u**3 + u**2 - 7. Let f be c(0). What are the prime factors of 3/(f - -1)*-24?
2, 3
Let s(j) = 32*j**2 + j. Let n be s(1). Suppose 0 = -4*i + 5*l + n, 3*i - 2*i + 4*l = -18. Suppose -u + i = -1. What are the prime factors of u?
3
Let g(v) be the third derivative of v**7/5040 + 7*v**6/720 - v**5/20 + 2*v**2. Let i(u) be the third derivative of g(u). What are the prime factors of i(0)?
7
Let k be 10*8 + 10 + -10. Suppose -3*f + k = f. List the prime factors of f.
2, 5
Let o(a) = -a**3 - a**2 + 30. Let t be o(0). Suppose -t = -w - w. What are the prime factors of -1*6/w*-5?
2
Suppose 16 = -0*b + 3*b + 2*l, -l - 44 = -5*b. Suppose y - 6 = b. What are the prime factors of y?
2, 7
Let p be 2*111 + (-4 - -4). Let c be p/18 + 2/(-6). Let k = 21 - c. What are the prime factors of k?
3
Let s(w) = w**2 + w - 1. Let f be (-5 - -7) + 1 + -1. What are the prime factors of s(f)?
5
Let a = -35 + 52. Let k = a + 12. What are the prime factors of k?
29
Let s(c) = c**2 - 7*c + 12. Let a be s(5). Suppose -a*y = 4, -56 = -2*u - 0*y + 5*y. List the prime factors of u.
23
Let o(f) = -36*f. Let s be o(-1). Let p = -12 + s. List the prime factors of p.
2, 3
Let b = 89 - 42. What are the prime factors of b?
47
Let c = 188 - 104. Suppose 0*m = 3*m - c. List the prime factors of m.
2, 7
Let t be 19/(4 - (2 - -1)). Let k = t + -12. List the prime factors of k.
7
Suppose 0*k - 4 = -2*k. Suppose -k*j = 2*j - 36. What are the prime factors of j?
3
Let d be (-8)/(4/2) + -2. Let v be 21/d*6/(-3). Suppose -v*p + 25 = -2*p. List the prime factors of p.
5
Let n(a) be the third derivative of a**5/60 - a**4/24 + a**3/6 + a**2. Suppose 4 = -2*z - 0. What are the prime factors of n(z)?
7
Let o = 13 - 9. Suppose o*k - 32 = 140. List the prime factors of k.
43
Suppose 0*g + 2 = -2*g. Let i be g + 2 + (-2 - -10). List the prime factors of i/(-15) + (-103)/(-5).
2, 5
Suppose -3*q = 6, -2*z + 96 = -0*q - 3*q. List the prime factors of z.
3, 5
Suppose 0 = 4*c - 2*c - 560. What are the prime factors of c?
2, 5, 7
Suppose k = -3*y + 4*k + 24, 2*y = -5*k + 2. Suppose -12 = 2*j - y*j. Suppose -5*n - j*g = -1, -3*g = 13 - 4. List the prime factors of n.
2
Let k(a) = 0 - 2*a - 4 + 0. Suppose 2*r = -3*v - 7 + 1, v - 26 = 4*r. What are the prime factors of k(r)?
2
Suppose -6 = -2*i - i. Suppose 2*l + 5*n = 1 + 8, 2*l - i*n - 16 = 0. List the prime factors of l.
7
Let q be 1/(-3) - 735/9. Let y = 132 + q. What are the prime factors of y?
2, 5
Let f(j) = -34*j + 1. Let s be f(-2). Suppose -s = -5*m - 3*u + 5*u, m + 2*u - 21 = 0. Suppose 28 + 9 = 2*y + b, -y - 4*b = -m. List the prime factors of y.
19
Let j = 7 - 6. Let l = j - -19. What are the prime factors of l?
2, 5
Let r(x) = -x**2 - 23*x - 12. List the prime factors of r(-10).
2, 59
Suppose -b = 5*c + 8, 5*c - 4*c + 8 = 3*b. List the prime factors of (60/(-8))/(b/(-4)).
3, 5
Let v(u) = u**3 + 5*u**2 + 3*u + 4. Let j be v(-4). Let y = j + -2. Let x(s) = -s**3 + 5*s**2 + 7*s. List the prime factors of x(y).
2, 3
Let l(j) = 9*j - 1. What are the prime factors of l(2)?
17
Let x be (-1 - -3)/(-2) - -6. What are the prime factors of ((-14)/(-4))/(x/30)?
3, 7
Let n = 109 - 67. List the prime factors of n.
2, 3, 7
Let k be 11/5 - (-1)/(-5). Let o(y) = -y**3 + 4*y**2 + 2*y - 1. Let j be o(k). Let r = j + -7. List the prime factors of r.
2
Suppose -25 = -w - 0*w. What are the prime factors of w?
5
Let g(p) = 10 + 2*p**2 - 11 + p**3 - 4*p**2. What are the prime factors of g(3)?
2
Let w be (-3)/12 - 23/4. Let n(c) = 12 - 4 - 2*c + 0*c. What are the prime factors of n(w)?
2, 5
Let r be 0/((-6)/(-3) - 0). Suppose r = -z + 8 + 7. List the prime factors of z.
3, 5
Suppose 4*j + 140 = 2*u + 18, 0 = 2*u + 5*j - 86. What are the prime factors of u?
53
Let b(a) be the third derivative of a**6/120 - a**5/10 + a**4/6 - 7*a**3/6 - 2*a**2. List the prime factors of b(6).
17
Let b = 0 + 0. Let y be (2 + b)*(-33)/(-6). Let x = y + -7. What are the prime factors of x?
2
Let p(d) = -16*d**2 - 41*d + 1. Let g(i) = 3*i**2 + 8*i. Let r(s) = -11*g(s) - 2*p(s). List the prime factors of r(-4).
2, 3
Suppose f - 2*f = -3*b - 3, 4*f - 3*b - 12 = 0. What are the prime factors of f?
3
Suppose -2*p - 28 = -6*p. Let c(k) = k**2 - 6*k. What are the prime factors of c(p)?
7
Let m = 2 - 2. Suppose -b + m = -5, -4*f - 3*b + 131 = 0. List the prime factors of f.
29
What are the prime factors of (18/(-1))/((-6)/9)?
3
Let o be (1 + 0 + -1)/2. List the prime factors of 1 + 30/3 + o.
11
What are the prime factors of (-1)/(2/(-42)) + 1?
2, 11
Let w = -5 - -2. Let c = w + 8. What are the prime factors of (2/c)/((-2)/(-10))?
2
Let w(o) be the second derivative of -4*o**3/3 - 5*o**2 + 8*o. List the prime factors of w(-5).
2, 3, 5
Suppose c = 3*c - 6. Suppose -o + c*o - 114 = 0. List the prime factors of 2/(-5)